{"version":"1.0","provider_name":"Rapport activit\u00e9","provider_url":"https:\/\/rapport.upcf.ch","author_name":"admin","author_url":"https:\/\/rapport.upcf.ch\/index.php\/author\/upcf_tw1iy6nf\/","title":"2022 Rapport pr\u00e9sident - Patrick Gendre - DE - Rapport activit\u00e9","type":"rich","width":600,"height":338,"html":"<blockquote class=\"wp-embedded-content\" data-secret=\"eYgsOcmTYU\"><a href=\"https:\/\/rapport.upcf.ch\/index.php\/de\/2023\/05\/19\/berichtdesprasidenten2022\/\">2022 Rapport pr\u00e9sident &#8211; Patrick Gendre &#8211; DE<\/a><\/blockquote><iframe sandbox=\"allow-scripts\" security=\"restricted\" src=\"https:\/\/rapport.upcf.ch\/index.php\/de\/2023\/05\/19\/berichtdesprasidenten2022\/embed\/#?secret=eYgsOcmTYU\" width=\"600\" height=\"338\" title=\"\u00ab\u00a02022 Rapport pr\u00e9sident &#8211; Patrick Gendre &#8211; DE\u00a0\u00bb &#8212; Rapport activit\u00e9\" data-secret=\"eYgsOcmTYU\" frameborder=\"0\" marginwidth=\"0\" marginheight=\"0\" scrolling=\"no\" class=\"wp-embedded-content\"><\/iframe><script>\n\/*! This file is auto-generated *\/\n!function(d,l){\"use strict\";l.querySelector&&d.addEventListener&&\"undefined\"!=typeof URL&&(d.wp=d.wp||{},d.wp.receiveEmbedMessage||(d.wp.receiveEmbedMessage=function(e){var t=e.data;if((t||t.secret||t.message||t.value)&&!\/[^a-zA-Z0-9]\/.test(t.secret)){for(var s,r,n,a=l.querySelectorAll('iframe[data-secret=\"'+t.secret+'\"]'),o=l.querySelectorAll('blockquote[data-secret=\"'+t.secret+'\"]'),c=new RegExp(\"^https?:$\",\"i\"),i=0;i<o.length;i++)o[i].style.display=\"none\";for(i=0;i<a.length;i++)s=a[i],e.source===s.contentWindow&&(s.removeAttribute(\"style\"),\"height\"===t.message?(1e3<(r=parseInt(t.value,10))?r=1e3:~~r<200&&(r=200),s.height=r):\"link\"===t.message&&(r=new URL(s.getAttribute(\"src\")),n=new URL(t.value),c.test(n.protocol))&&n.host===r.host&&l.activeElement===s&&(d.top.location.href=t.value))}},d.addEventListener(\"message\",d.wp.receiveEmbedMessage,!1),l.addEventListener(\"DOMContentLoaded\",function(){for(var e,t,s=l.querySelectorAll(\"iframe.wp-embedded-content\"),r=0;r<s.length;r++)(t=(e=s[r]).getAttribute(\"data-secret\"))||(t=Math.random().toString(36).substring(2,12),e.src+=\"#?secret=\"+t,e.setAttribute(\"data-secret\",t)),e.contentWindow.postMessage({message:\"ready\",secret:t},\"*\")},!1)))}(window,document);\n\/\/# sourceURL=https:\/\/rapport.upcf.ch\/wp-includes\/js\/wp-embed.min.js\n<\/script>\n","description":"Jahresbericht 2022 Bericht des Pr\u00e4sidenten Das Jahr 2022 wird als jenes in Erinnerung bleiben, in dem die Massnahmen im Zusammenhang mit der Corona-Pandemie aufgehoben wurden. Der von den Beh\u00f6rden gef\u00e4llte Entscheid hat es erm\u00f6glicht, den Druck auf die globale, nationale und lokale Wirtschaft abzubauen. Dank der schrittweisen Aufhebung der Einschr\u00e4nkungen mussten die Unternehmen nicht mehr [&hellip;]","thumbnail_url":"https:\/\/rapport.upcf.ch\/wp-content\/uploads\/2023\/01\/Logo_Rond_OK_Plan-de-travail-1.svg"}

Rapport activité

2022 Rapport président - Patrick Gendre - DE - Rapport activité

<blockquote class="wp-embedded-content" data-secret="eYgsOcmTYU"><a href="https://rapport.upcf.ch/index.php/de/2023/05/19/berichtdesprasidenten2022/">2022 Rapport président &#8211; Patrick Gendre &#8211; DE</a></blockquote><iframe sandbox="allow-scripts" security="restricted" src="https://rapport.upcf.ch/index.php/de/2023/05/19/berichtdesprasidenten2022/embed/#?secret=eYgsOcmTYU" width="600" height="338" title="« 2022 Rapport président &#8211; Patrick Gendre &#8211; DE » &#8212; Rapport activité" data-secret="eYgsOcmTYU" frameborder="0" marginwidth="0" marginheight="0" scrolling="no" class="wp-embedded-content"></iframe><script>
/*! This file is auto-generated */
!function(d,l){"use strict";l.querySelector&&d.addEventListener&&"undefined"!=typeof URL&&(d.wp=d.wp||{},d.wp.receiveEmbedMessage||(d.wp.receiveEmbedMessage=function(e){var t=e.data;if((t||t.secret||t.message||t.value)&&!/[^a-zA-Z0-9]/.test(t.secret)){for(var s,r,n,a=l.querySelectorAll('iframe[data-secret="'+t.secret+'"]'),o=l.querySelectorAll('blockquote[data-secret="'+t.secret+'"]'),c=new RegExp("^https?:$","i"),i=0;i<o.length;i++)o[i].style.display="none";for(i=0;i<a.length;i++)s=a[i],e.source===s.contentWindow&&(s.removeAttribute("style"),"height"===t.message?(1e3<(r=parseInt(t.value,10))?r=1e3:~~r<200&&(r=200),s.height=r):"link"===t.message&&(r=new URL(s.getAttribute("src")),n=new URL(t.value),c.test(n.protocol))&&n.host===r.host&&l.activeElement===s&&(d.top.location.href=t.value))}},d.addEventListener("message",d.wp.receiveEmbedMessage,!1),l.addEventListener("DOMContentLoaded",function(){for(var e,t,s=l.querySelectorAll("iframe.wp-embedded-content"),r=0;r<s.length;r++)(t=(e=s[r]).getAttribute("data-secret"))||(t=Math.random().toString(36).substring(2,12),e.src+="#?secret="+t,e.setAttribute("data-secret",t)),e.contentWindow.postMessage({message:"ready",secret:t},"*")},!1)))}(window,document);
//# sourceURL=https://rapport.upcf.ch/wp-includes/js/wp-embed.min.js
</script>

Jahresbericht 2022 Bericht des Präsidenten Das Jahr 2022 wird als jenes in Erinnerung bleiben, in dem die Massnahmen im Zusammenhang mit der Corona-Pandemie aufgehoben wurden. Der von den Behörden gefällte Entscheid hat es ermöglicht, den Druck auf die globale, nationale und lokale Wirtschaft abzubauen. Dank der schrittweisen Aufhebung der Einschränkungen mussten die Unternehmen nicht mehr [&hellip;]
